{"id":5131,"date":"2022-12-26T13:40:58","date_gmt":"2022-12-26T13:40:58","guid":{"rendered":"https:\/\/www.jerometanon.com\/shop\/?post_type=product&#038;p=5131"},"modified":"2023-03-30T08:25:22","modified_gmt":"2023-03-30T08:25:22","slug":"group-picture","status":"publish","type":"product","link":"https:\/\/www.jerometanon.com\/shop\/product\/group-picture\/","title":{"rendered":"Group Picture"},"content":{"rendered":"","protected":false},"excerpt":{"rendered":"<p>Group posing in front of the Biacherahi, the day before the ascent. From left to right : Zak, Julien, Thomas, H\u00e9lias, L\u00e9o, J\u00e9r\u00f4me, Yannick, Pierre.<\/p>\n<hr \/>\n<p>From \u201cZABARDAST\u201d expedition in Pakistan, spring 2018.<\/p>\n<hr \/>\n<p>Originally a scan from negative<\/p>\n<hr \/>\n<p>High-quality inkjet print on fine-art paper<\/p>\n<p>Hahnem\u00fchle Ultra Smooth 305 g<\/p>\n<hr \/>\n<p>&nbsp;<\/p>\n","protected":false},"featured_media":3578,"template":"","meta":[],"product_cat":[27],"product_tag":[],"yoast_head":"<!-- This site is optimized with the Yoast SEO plugin v20.4 - https:\/\/yoast.com\/wordpress\/plugins\/seo\/ -->\n<title>Group Picture - J\u00e9r\u00f4me Tanon<\/title>\n<meta name=\"robots\" content=\"index, follow, max-snippet:-1, max-image-preview:large, max-video-preview:-1\" \/>\n<link rel=\"canonical\" href=\"https:\/\/www.jerometanon.com\/shop\/product\/group-picture\/\" \/>\n<meta property=\"og:locale\" content=\"en_US\" \/>\n<meta property=\"og:type\" content=\"article\" \/>\n<meta property=\"og:title\" content=\"Group Picture - J\u00e9r\u00f4me Tanon\" \/>\n<meta property=\"og:description\" content=\"Group posing in front of the Biacherahi, the day before the ascent. From left to right : Zak, Julien, Thomas, H\u00e9lias, L\u00e9o, J\u00e9r\u00f4me, Yannick, Pierre.    From \u201cZABARDAST\u201d expedition in Pakistan, spring 2018.    Originally a scan from negative    High-quality inkjet print on fine-art paper  Hahnem\u00fchle Ultra Smooth 305 g    &nbsp;\" \/>\n<meta property=\"og:url\" content=\"https:\/\/www.jerometanon.com\/shop\/product\/group-picture\/\" \/>\n<meta property=\"og:site_name\" content=\"J\u00e9r\u00f4me Tanon\" \/>\n<meta property=\"article:modified_time\" content=\"2023-03-30T08:25:22+00:00\" \/>\n<meta property=\"og:image\" content=\"https:\/\/www.jerometanon.com\/shop\/wp-content\/uploads\/2018\/11\/P67_Portra400_055_Crew_together_in_front_of_Biacherahi_and_Nobande_Sobande_Ridge_HD.jpg\" \/>\n\t<meta property=\"og:image:width\" content=\"2200\" \/>\n\t<meta property=\"og:image:height\" content=\"1770\" \/>\n\t<meta property=\"og:image:type\" content=\"image\/jpeg\" \/>\n<meta name=\"twitter:card\" content=\"summary_large_image\" \/>\n<script type=\"application\/ld+json\" class=\"yoast-schema-graph\">{\"@context\":\"https:\/\/schema.org\",\"@graph\":[{\"@type\":\"WebPage\",\"@id\":\"https:\/\/www.jerometanon.com\/shop\/product\/group-picture\/\",\"url\":\"https:\/\/www.jerometanon.com\/shop\/product\/group-picture\/\",\"name\":\"Group Picture - J\u00e9r\u00f4me Tanon\",\"isPartOf\":{\"@id\":\"https:\/\/www.jerometanon.com\/shop\/#website\"},\"datePublished\":\"2022-12-26T13:40:58+00:00\",\"dateModified\":\"2023-03-30T08:25:22+00:00\",\"breadcrumb\":{\"@id\":\"https:\/\/www.jerometanon.com\/shop\/product\/group-picture\/#breadcrumb\"},\"inLanguage\":\"en-US\",\"potentialAction\":[{\"@type\":\"ReadAction\",\"target\":[\"https:\/\/www.jerometanon.com\/shop\/product\/group-picture\/\"]}]},{\"@type\":\"BreadcrumbList\",\"@id\":\"https:\/\/www.jerometanon.com\/shop\/product\/group-picture\/#breadcrumb\",\"itemListElement\":[{\"@type\":\"ListItem\",\"position\":1,\"name\":\"Home\",\"item\":\"https:\/\/www.jerometanon.com\/shop\/\"},{\"@type\":\"ListItem\",\"position\":2,\"name\":\"\/\",\"item\":\"https:\/\/www.jerometanon.com\/shop\/shop-2\/\"},{\"@type\":\"ListItem\",\"position\":3,\"name\":\"Group Picture\"}]},{\"@type\":\"WebSite\",\"@id\":\"https:\/\/www.jerometanon.com\/shop\/#website\",\"url\":\"https:\/\/www.jerometanon.com\/shop\/\",\"name\":\"J\u00e9r\u00f4me Tanon\",\"description\":\"Photography\",\"publisher\":{\"@id\":\"https:\/\/www.jerometanon.com\/shop\/#organization\"},\"potentialAction\":[{\"@type\":\"SearchAction\",\"target\":{\"@type\":\"EntryPoint\",\"urlTemplate\":\"https:\/\/www.jerometanon.com\/shop\/?s={search_term_string}\"},\"query-input\":\"required name=search_term_string\"}],\"inLanguage\":\"en-US\"},{\"@type\":\"Organization\",\"@id\":\"https:\/\/www.jerometanon.com\/shop\/#organization\",\"name\":\"J\u00e9r\u00f4me Tanon\",\"url\":\"https:\/\/www.jerometanon.com\/shop\/\",\"logo\":{\"@type\":\"ImageObject\",\"inLanguage\":\"en-US\",\"@id\":\"https:\/\/www.jerometanon.com\/shop\/#\/schema\/logo\/image\/\",\"url\":\"https:\/\/www.jerometanon.com\/shop\/wp-content\/uploads\/2020\/10\/logo-tanon_800px.png\",\"contentUrl\":\"https:\/\/www.jerometanon.com\/shop\/wp-content\/uploads\/2020\/10\/logo-tanon_800px.png\",\"width\":800,\"height\":189,\"caption\":\"J\u00e9r\u00f4me Tanon\"},\"image\":{\"@id\":\"https:\/\/www.jerometanon.com\/shop\/#\/schema\/logo\/image\/\"}}]}<\/script>\n<!-- \/ Yoast SEO plugin. -->","yoast_head_json":{"title":"Group Picture - J\u00e9r\u00f4me Tanon","robots":{"index":"index","follow":"follow","max-snippet":"max-snippet:-1","max-image-preview":"max-image-preview:large","max-video-preview":"max-video-preview:-1"},"canonical":"https:\/\/www.jerometanon.com\/shop\/product\/group-picture\/","og_locale":"en_US","og_type":"article","og_title":"Group Picture - J\u00e9r\u00f4me Tanon","og_description":"Group posing in front of the Biacherahi, the day before the ascent. From left to right : Zak, Julien, Thomas, H\u00e9lias, L\u00e9o, J\u00e9r\u00f4me, Yannick, Pierre.    From \u201cZABARDAST\u201d expedition in Pakistan, spring 2018.    Originally a scan from negative    High-quality inkjet print on fine-art paper  Hahnem\u00fchle Ultra Smooth 305 g    &nbsp;","og_url":"https:\/\/www.jerometanon.com\/shop\/product\/group-picture\/","og_site_name":"J\u00e9r\u00f4me Tanon","article_modified_time":"2023-03-30T08:25:22+00:00","og_image":[{"width":2200,"height":1770,"url":"https:\/\/www.jerometanon.com\/shop\/wp-content\/uploads\/2018\/11\/P67_Portra400_055_Crew_together_in_front_of_Biacherahi_and_Nobande_Sobande_Ridge_HD.jpg","type":"image\/jpeg"}],"twitter_card":"summary_large_image","schema":{"@context":"https:\/\/schema.org","@graph":[{"@type":"WebPage","@id":"https:\/\/www.jerometanon.com\/shop\/product\/group-picture\/","url":"https:\/\/www.jerometanon.com\/shop\/product\/group-picture\/","name":"Group Picture - J\u00e9r\u00f4me Tanon","isPartOf":{"@id":"https:\/\/www.jerometanon.com\/shop\/#website"},"datePublished":"2022-12-26T13:40:58+00:00","dateModified":"2023-03-30T08:25:22+00:00","breadcrumb":{"@id":"https:\/\/www.jerometanon.com\/shop\/product\/group-picture\/#breadcrumb"},"inLanguage":"en-US","potentialAction":[{"@type":"ReadAction","target":["https:\/\/www.jerometanon.com\/shop\/product\/group-picture\/"]}]},{"@type":"BreadcrumbList","@id":"https:\/\/www.jerometanon.com\/shop\/product\/group-picture\/#breadcrumb","itemListElement":[{"@type":"ListItem","position":1,"name":"Home","item":"https:\/\/www.jerometanon.com\/shop\/"},{"@type":"ListItem","position":2,"name":"\/","item":"https:\/\/www.jerometanon.com\/shop\/shop-2\/"},{"@type":"ListItem","position":3,"name":"Group Picture"}]},{"@type":"WebSite","@id":"https:\/\/www.jerometanon.com\/shop\/#website","url":"https:\/\/www.jerometanon.com\/shop\/","name":"J\u00e9r\u00f4me Tanon","description":"Photography","publisher":{"@id":"https:\/\/www.jerometanon.com\/shop\/#organization"},"potentialAction":[{"@type":"SearchAction","target":{"@type":"EntryPoint","urlTemplate":"https:\/\/www.jerometanon.com\/shop\/?s={search_term_string}"},"query-input":"required name=search_term_string"}],"inLanguage":"en-US"},{"@type":"Organization","@id":"https:\/\/www.jerometanon.com\/shop\/#organization","name":"J\u00e9r\u00f4me Tanon","url":"https:\/\/www.jerometanon.com\/shop\/","logo":{"@type":"ImageObject","inLanguage":"en-US","@id":"https:\/\/www.jerometanon.com\/shop\/#\/schema\/logo\/image\/","url":"https:\/\/www.jerometanon.com\/shop\/wp-content\/uploads\/2020\/10\/logo-tanon_800px.png","contentUrl":"https:\/\/www.jerometanon.com\/shop\/wp-content\/uploads\/2020\/10\/logo-tanon_800px.png","width":800,"height":189,"caption":"J\u00e9r\u00f4me Tanon"},"image":{"@id":"https:\/\/www.jerometanon.com\/shop\/#\/schema\/logo\/image\/"}}]}},"_links":{"self":[{"href":"https:\/\/www.jerometanon.com\/shop\/wp-json\/wp\/v2\/product\/5131"}],"collection":[{"href":"https:\/\/www.jerometanon.com\/shop\/wp-json\/wp\/v2\/product"}],"about":[{"href":"https:\/\/www.jerometanon.com\/shop\/wp-json\/wp\/v2\/types\/product"}],"wp:featuredmedia":[{"embeddable":true,"href":"https:\/\/www.jerometanon.com\/shop\/wp-json\/wp\/v2\/media\/3578"}],"wp:attachment":[{"href":"https:\/\/www.jerometanon.com\/shop\/wp-json\/wp\/v2\/media?parent=5131"}],"wp:term":[{"taxonomy":"product_cat","embeddable":true,"href":"https:\/\/www.jerometanon.com\/shop\/wp-json\/wp\/v2\/product_cat?post=5131"},{"taxonomy":"product_tag","embeddable":true,"href":"https:\/\/www.jerometanon.com\/shop\/wp-json\/wp\/v2\/product_tag?post=5131"}],"curies":[{"name":"wp","href":"https:\/\/api.w.org\/{rel}","templated":true}]}}