{"id":5274,"date":"2022-12-26T13:47:16","date_gmt":"2022-12-26T13:47:16","guid":{"rendered":"https:\/\/www.jerometanon.com\/shop\/?post_type=product&#038;p=5274"},"modified":"2022-12-26T13:47:41","modified_gmt":"2022-12-26T13:47:41","slug":"leo-biacherahi","status":"publish","type":"product","link":"https:\/\/www.jerometanon.com\/shop\/product\/leo-biacherahi\/","title":{"rendered":"L\u00e9o &#8211; Biacherahi"},"content":{"rendered":"","protected":false},"excerpt":{"rendered":"<p>L\u00e9o Taillefer in the first ski descent of the Biacherahi North Tower (5880m).<\/p>\n<hr \/>\n<p>From \u201cZABARDAST\u201d expedition in Pakistan, spring 2018.<\/p>\n<hr \/>\n<p>Originally a scan from negative<\/p>\n<hr \/>\n<p>High-quality inkjet print on fine-art paper<\/p>\n<p>Hahnem\u00fchle Ultra Smooth 305 g<\/p>\n<hr \/>\n<p>&nbsp;<\/p>\n","protected":false},"featured_media":3330,"template":"","meta":[],"product_cat":[27],"product_tag":[],"yoast_head":"<!-- This site is optimized with the Yoast SEO plugin v20.4 - https:\/\/yoast.com\/wordpress\/plugins\/seo\/ -->\n<title>L\u00e9o - Biacherahi - J\u00e9r\u00f4me Tanon<\/title>\n<meta name=\"robots\" content=\"index, follow, max-snippet:-1, max-image-preview:large, max-video-preview:-1\" \/>\n<link rel=\"canonical\" href=\"https:\/\/www.jerometanon.com\/shop\/product\/leo-biacherahi\/\" \/>\n<meta property=\"og:locale\" content=\"en_US\" \/>\n<meta property=\"og:type\" content=\"article\" \/>\n<meta property=\"og:title\" content=\"L\u00e9o - Biacherahi - J\u00e9r\u00f4me Tanon\" \/>\n<meta property=\"og:description\" content=\"L\u00e9o Taillefer in the first ski descent of the Biacherahi North Tower (5880m).    From \u201cZABARDAST\u201d expedition in Pakistan, spring 2018.    Originally a scan from negative    High-quality inkjet print on fine-art paper  Hahnem\u00fchle Ultra Smooth 305 g    &nbsp;\" \/>\n<meta property=\"og:url\" content=\"https:\/\/www.jerometanon.com\/shop\/product\/leo-biacherahi\/\" \/>\n<meta property=\"og:site_name\" content=\"J\u00e9r\u00f4me Tanon\" \/>\n<meta property=\"article:modified_time\" content=\"2022-12-26T13:47:41+00:00\" \/>\n<meta property=\"og:image\" content=\"https:\/\/www.jerometanon.com\/shop\/wp-content\/uploads\/2018\/11\/01.jpg\" \/>\n\t<meta property=\"og:image:width\" content=\"1784\" \/>\n\t<meta property=\"og:image:height\" content=\"2200\" \/>\n\t<meta property=\"og:image:type\" content=\"image\/jpeg\" \/>\n<meta name=\"twitter:card\" content=\"summary_large_image\" \/>\n<script type=\"application\/ld+json\" class=\"yoast-schema-graph\">{\"@context\":\"https:\/\/schema.org\",\"@graph\":[{\"@type\":\"WebPage\",\"@id\":\"https:\/\/www.jerometanon.com\/shop\/product\/leo-biacherahi\/\",\"url\":\"https:\/\/www.jerometanon.com\/shop\/product\/leo-biacherahi\/\",\"name\":\"L\u00e9o - Biacherahi - J\u00e9r\u00f4me Tanon\",\"isPartOf\":{\"@id\":\"https:\/\/www.jerometanon.com\/shop\/#website\"},\"datePublished\":\"2022-12-26T13:47:16+00:00\",\"dateModified\":\"2022-12-26T13:47:41+00:00\",\"breadcrumb\":{\"@id\":\"https:\/\/www.jerometanon.com\/shop\/product\/leo-biacherahi\/#breadcrumb\"},\"inLanguage\":\"en-US\",\"potentialAction\":[{\"@type\":\"ReadAction\",\"target\":[\"https:\/\/www.jerometanon.com\/shop\/product\/leo-biacherahi\/\"]}]},{\"@type\":\"BreadcrumbList\",\"@id\":\"https:\/\/www.jerometanon.com\/shop\/product\/leo-biacherahi\/#breadcrumb\",\"itemListElement\":[{\"@type\":\"ListItem\",\"position\":1,\"name\":\"Home\",\"item\":\"https:\/\/www.jerometanon.com\/shop\/\"},{\"@type\":\"ListItem\",\"position\":2,\"name\":\"\/\",\"item\":\"https:\/\/www.jerometanon.com\/shop\/shop-2\/\"},{\"@type\":\"ListItem\",\"position\":3,\"name\":\"L\u00e9o &#8211; Biacherahi\"}]},{\"@type\":\"WebSite\",\"@id\":\"https:\/\/www.jerometanon.com\/shop\/#website\",\"url\":\"https:\/\/www.jerometanon.com\/shop\/\",\"name\":\"J\u00e9r\u00f4me Tanon\",\"description\":\"Photography\",\"publisher\":{\"@id\":\"https:\/\/www.jerometanon.com\/shop\/#organization\"},\"potentialAction\":[{\"@type\":\"SearchAction\",\"target\":{\"@type\":\"EntryPoint\",\"urlTemplate\":\"https:\/\/www.jerometanon.com\/shop\/?s={search_term_string}\"},\"query-input\":\"required name=search_term_string\"}],\"inLanguage\":\"en-US\"},{\"@type\":\"Organization\",\"@id\":\"https:\/\/www.jerometanon.com\/shop\/#organization\",\"name\":\"J\u00e9r\u00f4me Tanon\",\"url\":\"https:\/\/www.jerometanon.com\/shop\/\",\"logo\":{\"@type\":\"ImageObject\",\"inLanguage\":\"en-US\",\"@id\":\"https:\/\/www.jerometanon.com\/shop\/#\/schema\/logo\/image\/\",\"url\":\"https:\/\/www.jerometanon.com\/shop\/wp-content\/uploads\/2020\/10\/logo-tanon_800px.png\",\"contentUrl\":\"https:\/\/www.jerometanon.com\/shop\/wp-content\/uploads\/2020\/10\/logo-tanon_800px.png\",\"width\":800,\"height\":189,\"caption\":\"J\u00e9r\u00f4me Tanon\"},\"image\":{\"@id\":\"https:\/\/www.jerometanon.com\/shop\/#\/schema\/logo\/image\/\"}}]}<\/script>\n<!-- \/ Yoast SEO plugin. -->","yoast_head_json":{"title":"L\u00e9o - Biacherahi - J\u00e9r\u00f4me Tanon","robots":{"index":"index","follow":"follow","max-snippet":"max-snippet:-1","max-image-preview":"max-image-preview:large","max-video-preview":"max-video-preview:-1"},"canonical":"https:\/\/www.jerometanon.com\/shop\/product\/leo-biacherahi\/","og_locale":"en_US","og_type":"article","og_title":"L\u00e9o - Biacherahi - J\u00e9r\u00f4me Tanon","og_description":"L\u00e9o Taillefer in the first ski descent of the Biacherahi North Tower (5880m).    From \u201cZABARDAST\u201d expedition in Pakistan, spring 2018.    Originally a scan from negative    High-quality inkjet print on fine-art paper  Hahnem\u00fchle Ultra Smooth 305 g    &nbsp;","og_url":"https:\/\/www.jerometanon.com\/shop\/product\/leo-biacherahi\/","og_site_name":"J\u00e9r\u00f4me Tanon","article_modified_time":"2022-12-26T13:47:41+00:00","og_image":[{"width":1784,"height":2200,"url":"https:\/\/www.jerometanon.com\/shop\/wp-content\/uploads\/2018\/11\/01.jpg","type":"image\/jpeg"}],"twitter_card":"summary_large_image","schema":{"@context":"https:\/\/schema.org","@graph":[{"@type":"WebPage","@id":"https:\/\/www.jerometanon.com\/shop\/product\/leo-biacherahi\/","url":"https:\/\/www.jerometanon.com\/shop\/product\/leo-biacherahi\/","name":"L\u00e9o - Biacherahi - J\u00e9r\u00f4me Tanon","isPartOf":{"@id":"https:\/\/www.jerometanon.com\/shop\/#website"},"datePublished":"2022-12-26T13:47:16+00:00","dateModified":"2022-12-26T13:47:41+00:00","breadcrumb":{"@id":"https:\/\/www.jerometanon.com\/shop\/product\/leo-biacherahi\/#breadcrumb"},"inLanguage":"en-US","potentialAction":[{"@type":"ReadAction","target":["https:\/\/www.jerometanon.com\/shop\/product\/leo-biacherahi\/"]}]},{"@type":"BreadcrumbList","@id":"https:\/\/www.jerometanon.com\/shop\/product\/leo-biacherahi\/#breadcrumb","itemListElement":[{"@type":"ListItem","position":1,"name":"Home","item":"https:\/\/www.jerometanon.com\/shop\/"},{"@type":"ListItem","position":2,"name":"\/","item":"https:\/\/www.jerometanon.com\/shop\/shop-2\/"},{"@type":"ListItem","position":3,"name":"L\u00e9o &#8211; Biacherahi"}]},{"@type":"WebSite","@id":"https:\/\/www.jerometanon.com\/shop\/#website","url":"https:\/\/www.jerometanon.com\/shop\/","name":"J\u00e9r\u00f4me Tanon","description":"Photography","publisher":{"@id":"https:\/\/www.jerometanon.com\/shop\/#organization"},"potentialAction":[{"@type":"SearchAction","target":{"@type":"EntryPoint","urlTemplate":"https:\/\/www.jerometanon.com\/shop\/?s={search_term_string}"},"query-input":"required name=search_term_string"}],"inLanguage":"en-US"},{"@type":"Organization","@id":"https:\/\/www.jerometanon.com\/shop\/#organization","name":"J\u00e9r\u00f4me Tanon","url":"https:\/\/www.jerometanon.com\/shop\/","logo":{"@type":"ImageObject","inLanguage":"en-US","@id":"https:\/\/www.jerometanon.com\/shop\/#\/schema\/logo\/image\/","url":"https:\/\/www.jerometanon.com\/shop\/wp-content\/uploads\/2020\/10\/logo-tanon_800px.png","contentUrl":"https:\/\/www.jerometanon.com\/shop\/wp-content\/uploads\/2020\/10\/logo-tanon_800px.png","width":800,"height":189,"caption":"J\u00e9r\u00f4me Tanon"},"image":{"@id":"https:\/\/www.jerometanon.com\/shop\/#\/schema\/logo\/image\/"}}]}},"_links":{"self":[{"href":"https:\/\/www.jerometanon.com\/shop\/wp-json\/wp\/v2\/product\/5274"}],"collection":[{"href":"https:\/\/www.jerometanon.com\/shop\/wp-json\/wp\/v2\/product"}],"about":[{"href":"https:\/\/www.jerometanon.com\/shop\/wp-json\/wp\/v2\/types\/product"}],"wp:featuredmedia":[{"embeddable":true,"href":"https:\/\/www.jerometanon.com\/shop\/wp-json\/wp\/v2\/media\/3330"}],"wp:attachment":[{"href":"https:\/\/www.jerometanon.com\/shop\/wp-json\/wp\/v2\/media?parent=5274"}],"wp:term":[{"taxonomy":"product_cat","embeddable":true,"href":"https:\/\/www.jerometanon.com\/shop\/wp-json\/wp\/v2\/product_cat?post=5274"},{"taxonomy":"product_tag","embeddable":true,"href":"https:\/\/www.jerometanon.com\/shop\/wp-json\/wp\/v2\/product_tag?post=5274"}],"curies":[{"name":"wp","href":"https:\/\/api.w.org\/{rel}","templated":true}]}}